f - 0*f - 5*c - 26, 0 = -4*f - 4*c + 44. Let j(p) = 3*p + p**3 + 4 + 12*p**2 - f*p**2 - 8*p**2. Is j(5) a composite number?
False
Let p(a) = -a**2 + 4*a - 2. Let j be p(4). Is 6*j/(-3) - -11 a prime number?
False
Let i = 21331 - 5522. Is i prime?
True
Suppose m - 16528 = -4*j + 11099, j - 6902 = -5*m. Is j a composite number?
False
Let a(l) = -l**2 - l + 4. Let u be a(-2). Is ((-7)/u)/(8/(-2032)) a prime number?
False
Suppose -23*a = -18*a + 2400. Is (-15)/(-6)*(-2 - a) composite?
True
Is ((-8)/2)/((-196)/312865) a prime number?
False
Let z(x) = -2*x - 6. Let b(k) = k**3 + 7*k**2 + 7*k + 2. Let m be b(-6). Let i be z(m). Suppose 4*t = -3*w + 50, -t + 10 = -0*t + i*w. Is t prime?
False
Suppose 7*y = 8 + 27. Suppose y*m - 2682 = 3*p + 1838, 5*m - 2*p = 4525. Is m a composite number?
False
Suppose 4643 = w - 530. Is w prime?
False
Suppose -669 = -7*o + 1130. Is o composite?
False
Let x(j) = 2*j**3 - 9*j**2 - 4*j - 4. Let l(i) = -3*i**3 + 10*i**2 + 3*i + 4. Let a(q) = 3*l(q) + 4*x(q). Is a(-7) composite?
True
Let s be 2 + (-5)/(25/(-10)). Suppose 7*b - 3*b = -s*i + 2540, -2540 = -4*i - 2*b. Is i prime?
False
Let n(v) = 5*v**2 - 12*v + 81. Is n(-14) a prime number?
True
Is 2*(-4)/(-8) + 1968 a prime number?
False
Let b = -1015 + 1520. Let a = 656 - 300. Let z = b - a. Is z a prime number?
True
Suppose 0 = -p - 2*o + 4639, 13*p - 11*p + 2*o = 9270. Is p composite?
True
Let y be 740/5 + (-4)/(-2). Suppose 0*x - 25 = -5*x, -4*b = x - 837. Let o = y + b. Is o a prime number?
False
Let d be ((-68)/12)/((-2)/(-612)). Let a = 2477 + d. Is a prime?
True
Let v(o) = 182*o - 10. Let p be v(-1). Suppose 0 = -3*h - h - 236. Let n = h - p. Is n a prime number?
False
Let z(c) be the third derivative of c**5/20 + 7*c**4/8 - 13*c**3/6 - 24*c**2. Is z(-15) prime?
True
Suppose a - 16 = -11. Suppose -2*v - 128 = -a*k - 826, -2*v = -2*k - 686. Is v a composite number?
True
Is (-1)/(-9) - 2958800/(-360) a composite number?
False
Let w(i) = -2*i**3 + 2*i**2 + 8*i - 6. Let j be w(-6). Is j - 4/(8/6) a prime number?
False
Let b(a) = -a**3 + 24*a**2 + 3*a - 49. Let z be b(24). Suppose z*n - 17899 = 16*n. Is n composite?
False
Suppose -c = 3477 - 11624. Is c composite?
False
Let u be 1/(0 + (-4)/(-36)). Suppose 14*s = u*s + 12565. Is s a prime number?
False
Let o(w) = 216*w**2 - 44*w - 9. Is o(4) a composite number?
False
Let s(h) = 331*h**2 + 9*h - 13. Is s(6) a prime number?
False
Let d be (-1 + 2)/((-2)/(-6)). Let u(g) = -13*g + 2. Let j(q) = 25*q - 3. Let a(p) = 3*j(p) + 5*u(p). Is a(d) composite?
False
Suppose 3*a - 35 = 2*t + 2*t, 20 = 3*a - t. Suppose -6 = -a*z + 144. Suppose z - 11 = r - f, -48 = -2*r + 4*f. Is r a composite number?
True
Suppose 41*i - 93950 = -5677. Is i prime?
True
Let h(c) = -712*c + 1. Let o(f) = 712*f - 1. Let p(x) = 2*h(x) + 3*o(x). Let z be p(1). Suppose 5*i - 214 = z. Is i a prime number?
False
Let n(t) = t**2 - 6*t + 7. Let f be n(5). Let m be f*(-2)/(8 + -4). Is 1899 + 6*m + 2 a composite number?
True
Let m(y) = y**3 + 4*y**2 - 3*y + 4. Let x be m(-5). Let c(t) = t**2 + 6*t + 3. Let b be c(x). Suppose -2*a + b*z + 14 = 0, -3*z + 1 + 13 = 5*a. Is a prime?
False
Suppose 8811 = 4*a - 7*u + 8*u, -3*a + 5*u = -6614. Is a prime?
True
Let b = 2441 + 1050. Is b a composite number?
False
Is 0 + 752/3 + (-13)/(-39) composite?
False
Let q(h) = 6 + 5*h + 21*h**2 + 1 + h. Is q(-5) prime?
False
Let j(y) = 59*y**2 - 11*y - 109. Is j(-11) a composite number?
False
Let u = 46 + 59. Suppose 4*r + m = -221, m - 12 = r + 37. Let b = r + u. Is b composite?
True
Suppose -2*y + 15 = 57. Let d be 6/(-21) - 8679/y. Suppose 0 = -5*b - i + 693, 2*i = 3*b + 4*i - d. Is b a prime number?
True
Let a(v) = -261*v + 12. Let g be a(-8). Suppose -3*d - d + 1668 = -4*p, 5*d - g = 2*p. Is d a composite number?
True
Suppose 31*z = 26*z + 25. Suppose -j = 3, 3*w + 682 = 4*w + z*j. Is w prime?
False
Let z(h) = h**3 - 5*h**2 + 3*h - 11. Let r be z(5). Let p be 1361/(-2)*-2 - 0. Suppose w = -g + p, w = -g - r*w + 1361. Is g a prime number?
True
Let b = -16873 + 42950. Is b prime?
False
Suppose -81328 = -f - 3*f + 4*c, 5*f + c = 101690. Is f prime?
False
Let c(o) = 3*o + 69. Let z be c(-21). Let t be 3/2*-2*-1. Is 90 - t*2/z composite?
False
Let c = 521 - 13. Let b = c + 25. Is b a composite number?
True
Let z(n) = 2*n + 15. Suppose -3*i - 21 = 12. Let h be z(i). Is 742/6*(10 + h) prime?
False
Let v = -394 - -919. Suppose -791 = -4*a + 2801. Let r = a - v. Is r prime?
True
Let j = 5936 - 1019. Suppose -2*n - n = -j. Is n composite?
True
Suppose -6 - 6 = -4*p. Let y be 0 - (2 - p)*64. Let h = y - 27. Is h prime?
True
Let l be (-1716)/(-48) - (-1)/4. Suppose l*g - 158 = 34*g. Is g a prime number?
True
Let o = 16991 - -8175. Is o a prime number?
False
Let h(g) = -49*g - 34. Let n be h(-14). Suppose t - 4 = -2. Suppose -n = t*r - 6*r. Is r a composite number?
False
Let z(g) = 166*g - 171. Is z(8) composite?
True
Suppose 19*d - 23228 = 21631. Is d prime?
False
Suppose 0 = 5*b - 2*y + 1410, 2*b + y = -281 - 283. Let k = b + 736. Is k a composite number?
True
Let l(d) be the second derivative of d**5/5 - d**4/3 + d**3/2 - d**2 + 390*d. Let b(m) = -3*m. Let k be b(-1). Is l(k) a composite number?
False
Let s(z) = z**2 - 11*z - 8. Let l be s(12). Suppose 5*h - v - 1 = -l*v, v + 3 = 0. Suppose -2*w = -5*f + 2*w + 731, h*w + 151 = f. Is f composite?
True
Suppose 0 = -g - 18 - 1. Let m = 146 + g. Is m a composite number?
False
Let u(a) = 5*a**2 + 8*a + 9. Let p be u(-6). Let l = 364 - p. Is l prime?
True
Suppose -20*s = 17*s - 786509. Is s a prime number?
False
Suppose 5*u + 430 = 4280. Suppose -4*o + 3*g + u = 0, -5*o + 113 = g - 859. Is o composite?
True
Suppose 3*y - 13 - 5 = 0. Let c(a) = 30*a + 50 + 21*a - 57 + 20*a. Is c(y) a prime number?
True
Suppose -82*k = -84*k + 3722. Is k composite?
False
Is (-5 - 385/20)*(4 - 16) composite?
True
Let v = -33 + 41. Is ((4/v)/(-1))/((-1)/814) prime?
False
Let v = 25 - 23. Suppose 853 = -v*s + 2783. Is s prime?
False
Let n be (4/18)/((-1)/(-9)). Let r(s) = 19*s**3 - 3*s**2 + s - 3. Is r(n) composite?
False
Let k(j) = j**3 + 7*j**2 + 13. Let h(i) = i**3 + 8*i**2 - i + 13. Let p(m) = -4*h(m) + 3*k(m). Let z(a) = a**2 - 7*a - 6. Let s be z(6). Is p(s) a prime number?
True
Let s(j) = 6*j**2 + 2*j + 12. Let b be s(-4). Suppose 0 = -v + b + 39. Is v prime?
True
Suppose 22*b - 15*b = 62321. Is b a composite number?
True
Is ((-1)/((-10)/30565))/(3/6) a composite number?
False
Let f be (10/15)/((-6)/(-117)). Let a(b) = -b**3 + 26*b**2 - 7*b + 16. Let v be a(f). Let t = v + -873. Is t a prime number?
True
Let c = -108 + 104. Is 4146/(-54)*-15 - c/(-6) prime?
True
Let h be ((-94371)/6 - 2)/(2/(-4)). Let z = -11854 + h. Is z prime?
False
Suppose -5*k - 8 = 3*g, 0 = 5*k - 4*k + 1. Is (-7975)/(-22) + g/2 a prime number?
False
Let x(y) = 57*y**2 - 23*y + 45. Is x(-19) a prime number?
True
Let z be ((-4510)/(-11))/((4/2)/2). Let x = -208 + z. Is x prime?
False
Let t = -34 + 17. Let c = t + 17. Suppose 2*y + 2*y = c, 0 = 3*j - 3*y - 669. Is j a composite number?
False
Suppose 20 = 2*q + 3*g, -4*g + 16 = 2*q - 2*g. Suppose 2*y - 5*o = -2*y + 7809, -q*o = 2*y - 3898. Let r = y + -1328. Is r prime?
False
Let h(b) = 475*b**2 + 56*b - 436. Is h(7) a prime number?
False
Let s(n) = -n**3 + 11*n**2 - 2*n - 15. Let j be s(11). Let z = -25 - j. Is 531/(-2)*z/(-18) prime?
False
Let c = -2178 - -8896. Is c prime?
False
Suppose w - 5 = -2*r + 33, 3*w + 4*r - 110 = 0. Let z be (7 + -4)*w/3. Suppose 0 = -5*c + z + 691. Is c composite?
True
Let z be (-4)/(-10) - 234/(-65). Suppose -8*r + z*r = -1676. Is r composite?
False
Suppose -11*f + 9521 + 8552 = 0. Is f a prime number?
False
Let i(f) = 7*f**3 - 14*f**2 + 6*f + 22. Is i(9) composite?
True
Suppose -177*g = -164*g - 23309. Is g composite?
True
Let b(q) = -13*q**2 + 7*q + q**3 - 26*q + 0*q - 16. Is b(15) a composite number?
False
Suppose 0 = 5*x + 8 - 28. Suppose -x*t - 4750 = -5*f + t, 3*f + t = 2870. Is f prime?
False
Let n(d) = -109*d - 4. Let y(f) = f - 3. Let b be y(-2). Is n(b) composite?
False
Suppose 13*o = 8*o + 6295. Is o a prime number?
True
Suppose 4*p = 2*b + 48, 0 = -2*p - 3*p + 3*b + 62. Suppose 0 = 3*n + 1 - p. Suppose 0 = n*l - l - 474. Is l prime?
False
Suppose r + 4*y = -0 + 8, -5*y = -3*r - 44. Let x(q) = -